{"id":77,"date":"2024-05-02T11:41:03","date_gmt":"2024-05-02T11:41:03","guid":{"rendered":"https:\/\/www.azulastuto.com\/?page_id=77"},"modified":"2024-05-02T13:19:55","modified_gmt":"2024-05-02T13:19:55","slug":"sobre-nos","status":"publish","type":"page","link":"https:\/\/www.azulastuto.com\/?page_id=77","title":{"rendered":"Sobre n\u00f3s"},"content":{"rendered":"\t\t<div data-elementor-type=\"wp-page\" data-elementor-id=\"77\" class=\"elementor elementor-77\" data-elementor-post-type=\"page\">\n\t\t\t\t<div class=\"elementor-element elementor-element-863cf5d e-con-full e-flex e-con e-parent\" data-id=\"863cf5d\" data-element_type=\"container\" data-settings=\"{&quot;background_background&quot;:&quot;classic&quot;}\">\n\t\t\t\t<div class=\"elementor-element elementor-element-4fc7930 elementor-widget elementor-widget-heading\" data-id=\"4fc7930\" data-element_type=\"widget\" data-widget_type=\"heading.default\">\n\t\t\t\t<div class=\"elementor-widget-container\">\n\t\t\t\t\t<h2 class=\"elementor-heading-title elementor-size-default\">Sobre n\u00f3s<\/h2>\t\t\t\t<\/div>\n\t\t\t\t<\/div>\n\t\t\t\t<\/div>\n\t\t<div class=\"elementor-element elementor-element-92da3be e-con-full e-flex e-con e-parent\" data-id=\"92da3be\" data-element_type=\"container\" data-settings=\"{&quot;background_background&quot;:&quot;classic&quot;}\">\n\t\t<div class=\"elementor-element elementor-element-d4bdde2 e-con-full e-flex e-con e-child\" data-id=\"d4bdde2\" data-element_type=\"container\">\n\t\t\t\t<div class=\"elementor-element elementor-element-3474087 elementor-widget elementor-widget-heading\" data-id=\"3474087\" data-element_type=\"widget\" data-widget_type=\"heading.default\">\n\t\t\t\t<div class=\"elementor-widget-container\">\n\t\t\t\t\t<h2 class=\"elementor-heading-title elementor-size-default\">A nossa hist\u00f3ria<\/h2>\t\t\t\t<\/div>\n\t\t\t\t<\/div>\n\t\t\t\t<div class=\"elementor-element elementor-element-e1c0f68 elementor-widget elementor-widget-text-editor\" data-id=\"e1c0f68\" data-element_type=\"widget\" data-widget_type=\"text-editor.default\">\n\t\t\t\t<div class=\"elementor-widget-container\">\n\t\t\t\t\t\t\t\t\t<p style=\"font-weight: 400;\">Desde a sua funda\u00e7\u00e3o em 2016, a Azul Astuto tem-se destacado no sector da constru\u00e7\u00e3o civil pela sua dedica\u00e7\u00e3o \u00e0 inova\u00e7\u00e3o e \u00e0 sustentabilidade. Com um portf\u00f3lio diversificado que inclui desde edif\u00edcios residenciais e comerciais at\u00e9 infraestruturas complexas e instala\u00e7\u00f5es industriais, a empresa tem-se comprometido a incorporar as mais recentes tecnologias e pr\u00e1ticas sustent\u00e1veis em todos os seus projectos. A vis\u00e3o da Azul Astuto \u00e9 ser l\u00edder de mercado, estabelecendo novos padr\u00f5es de efici\u00eancia, qualidade e respeito pelo ambiente, e assim moldar um futuro onde cada constru\u00e7\u00e3o reflecte um compromisso com o desenvolvimento sustent\u00e1vel.<\/p>\t\t\t\t\t\t\t\t<\/div>\n\t\t\t\t<\/div>\n\t\t\t\t<\/div>\n\t\t\t\t<\/div>\n\t\t<div class=\"elementor-element elementor-element-184da01 e-con-full e-flex e-con e-parent\" data-id=\"184da01\" data-element_type=\"container\" data-settings=\"{&quot;background_background&quot;:&quot;classic&quot;,&quot;background_motion_fx_motion_fx_scrolling&quot;:&quot;yes&quot;,&quot;background_motion_fx_translateY_effect&quot;:&quot;yes&quot;,&quot;background_motion_fx_translateY_speed&quot;:{&quot;unit&quot;:&quot;px&quot;,&quot;size&quot;:4,&quot;sizes&quot;:[]},&quot;background_motion_fx_translateY_affectedRange&quot;:{&quot;unit&quot;:&quot;%&quot;,&quot;size&quot;:&quot;&quot;,&quot;sizes&quot;:{&quot;start&quot;:0,&quot;end&quot;:100}},&quot;background_motion_fx_devices&quot;:[&quot;desktop&quot;,&quot;tablet&quot;,&quot;mobile&quot;]}\">\n\t\t<div class=\"elementor-element elementor-element-2dcecca e-con-full e-flex e-con e-child\" data-id=\"2dcecca\" data-element_type=\"container\">\n\t\t\t\t<div class=\"elementor-element elementor-element-0a5b0b9 elementor-widget elementor-widget-heading\" data-id=\"0a5b0b9\" data-element_type=\"widget\" data-widget_type=\"heading.default\">\n\t\t\t\t<div class=\"elementor-widget-container\">\n\t\t\t\t\t<h2 class=\"elementor-heading-title elementor-size-default\">A nossa filosofia<\/h2>\t\t\t\t<\/div>\n\t\t\t\t<\/div>\n\t\t\t\t<div class=\"elementor-element elementor-element-1423c56 elementor-widget elementor-widget-text-editor\" data-id=\"1423c56\" data-element_type=\"widget\" data-widget_type=\"text-editor.default\">\n\t\t\t\t<div class=\"elementor-widget-container\">\n\t\t\t\t\t\t\t\t\t<p style=\"font-weight: 400;\">A filosofia da Azul Astuto assenta na convic\u00e7\u00e3o de que a inova\u00e7\u00e3o e a sustentabilidade s\u00e3o fundamentais para o progresso no sector da constru\u00e7\u00e3o civil. A empresa empenha-se em integrar as mais avan\u00e7adas tecnologias e m\u00e9todos construtivos para n\u00e3o apenas atender, mas superar as expectativas dos clientes e as normas regulamentares. Al\u00e9m disso, a Azul Astuto dedica-se a promover a efici\u00eancia energ\u00e9tica e a utiliza\u00e7\u00e3o de materiais recicl\u00e1veis e renov\u00e1veis, demonstrando um compromisso com a prote\u00e7\u00e3o ambiental e a cria\u00e7\u00e3o de valor sustent\u00e1vel para as comunidades onde opera.<\/p>\t\t\t\t\t\t\t\t<\/div>\n\t\t\t\t<\/div>\n\t\t\t\t<\/div>\n\t\t\t\t<\/div>\n\t\t<div class=\"elementor-element elementor-element-8893f66 e-con-full e-flex e-con e-parent\" data-id=\"8893f66\" data-element_type=\"container\" data-settings=\"{&quot;background_background&quot;:&quot;gradient&quot;}\">\n\t\t<div class=\"elementor-element elementor-element-6292f2a e-con-full e-flex e-con e-child\" data-id=\"6292f2a\" data-element_type=\"container\">\n\t\t\t\t<div class=\"elementor-element elementor-element-39dd83c elementor-widget elementor-widget-heading\" data-id=\"39dd83c\" data-element_type=\"widget\" data-widget_type=\"heading.default\">\n\t\t\t\t<div class=\"elementor-widget-container\">\n\t\t\t\t\t<h2 class=\"elementor-heading-title elementor-size-default\">Os nossos valores<\/h2>\t\t\t\t<\/div>\n\t\t\t\t<\/div>\n\t\t\t\t<\/div>\n\t\t<div class=\"elementor-element elementor-element-67599f9 e-con-full e-flex e-con e-child\" data-id=\"67599f9\" data-element_type=\"container\">\n\t\t<div class=\"elementor-element elementor-element-3cffa5d2 e-con-full e-flex e-con e-child\" data-id=\"3cffa5d2\" data-element_type=\"container\">\n\t\t\t\t<div class=\"elementor-element elementor-element-2b04095d animated-slow elementor-widget-divider--view-line elementor-invisible elementor-widget elementor-widget-divider\" data-id=\"2b04095d\" data-element_type=\"widget\" data-settings=\"{&quot;_animation&quot;:&quot;fadeIn&quot;}\" data-widget_type=\"divider.default\">\n\t\t\t\t<div class=\"elementor-widget-container\">\n\t\t\t\t\t\t\t<div class=\"elementor-divider\">\n\t\t\t<span class=\"elementor-divider-separator\">\n\t\t\t\t\t\t<\/span>\n\t\t<\/div>\n\t\t\t\t\t\t<\/div>\n\t\t\t\t<\/div>\n\t\t\t\t<div class=\"elementor-element elementor-element-4b17bc1a elementor-invisible elementor-widget elementor-widget-icon-box\" data-id=\"4b17bc1a\" data-element_type=\"widget\" data-settings=\"{&quot;_animation&quot;:&quot;fadeInUp&quot;}\" data-widget_type=\"icon-box.default\">\n\t\t\t\t<div class=\"elementor-widget-container\">\n\t\t\t\t\t\t\t<div class=\"elementor-icon-box-wrapper\">\n\n\t\t\t\n\t\t\t\t\t\t<div class=\"elementor-icon-box-content\">\n\n\t\t\t\t\t\t\t\t\t<h4 class=\"elementor-icon-box-title\">\n\t\t\t\t\t\t<span  >\n\t\t\t\t\t\t\tIntegridade\t\t\t\t\t\t<\/span>\n\t\t\t\t\t<\/h4>\n\t\t\t\t\n\t\t\t\t\t\t\t\t\t<p class=\"elementor-icon-box-description\">\n\t\t\t\t\t\tCompromisso com a transpar\u00eancia e honestidade nas opera\u00e7\u00f5es, construindo rela\u00e7\u00f5es de confian\u00e7a com clientes e parceiros.\t\t\t\t\t<\/p>\n\t\t\t\t\n\t\t\t<\/div>\n\t\t\t\n\t\t<\/div>\n\t\t\t\t\t\t<\/div>\n\t\t\t\t<\/div>\n\t\t\t\t<\/div>\n\t\t<div class=\"elementor-element elementor-element-e0689a7 e-con-full e-flex e-con e-child\" data-id=\"e0689a7\" data-element_type=\"container\">\n\t\t\t\t<div class=\"elementor-element elementor-element-2dcde40 animated-slow elementor-widget-divider--view-line elementor-invisible elementor-widget elementor-widget-divider\" data-id=\"2dcde40\" data-element_type=\"widget\" data-settings=\"{&quot;_animation&quot;:&quot;fadeIn&quot;}\" data-widget_type=\"divider.default\">\n\t\t\t\t<div class=\"elementor-widget-container\">\n\t\t\t\t\t\t\t<div class=\"elementor-divider\">\n\t\t\t<span class=\"elementor-divider-separator\">\n\t\t\t\t\t\t<\/span>\n\t\t<\/div>\n\t\t\t\t\t\t<\/div>\n\t\t\t\t<\/div>\n\t\t\t\t<div class=\"elementor-element elementor-element-0a5d9b8 elementor-invisible elementor-widget elementor-widget-icon-box\" data-id=\"0a5d9b8\" data-element_type=\"widget\" data-settings=\"{&quot;_animation&quot;:&quot;fadeInUp&quot;}\" data-widget_type=\"icon-box.default\">\n\t\t\t\t<div class=\"elementor-widget-container\">\n\t\t\t\t\t\t\t<div class=\"elementor-icon-box-wrapper\">\n\n\t\t\t\n\t\t\t\t\t\t<div class=\"elementor-icon-box-content\">\n\n\t\t\t\t\t\t\t\t\t<h4 class=\"elementor-icon-box-title\">\n\t\t\t\t\t\t<span  >\n\t\t\t\t\t\t\tSustentabilidade\t\t\t\t\t\t<\/span>\n\t\t\t\t\t<\/h4>\n\t\t\t\t\n\t\t\t\t\t\t\t\t\t<p class=\"elementor-icon-box-description\">\n\t\t\t\t\t\tDedica\u00e7\u00e3o \u00e0 efici\u00eancia energ\u00e9tica, utiliza\u00e7\u00e3o de materiais recicl\u00e1veis e renov\u00e1veis, e promo\u00e7\u00e3o de pr\u00e1ticas que protejam o ambiente.\t\t\t\t\t<\/p>\n\t\t\t\t\n\t\t\t<\/div>\n\t\t\t\n\t\t<\/div>\n\t\t\t\t\t\t<\/div>\n\t\t\t\t<\/div>\n\t\t\t\t<\/div>\n\t\t<div class=\"elementor-element elementor-element-e20a6fe e-con-full e-flex e-con e-child\" data-id=\"e20a6fe\" data-element_type=\"container\">\n\t\t\t\t<div class=\"elementor-element elementor-element-ae74153 animated-slow elementor-widget-divider--view-line elementor-invisible elementor-widget elementor-widget-divider\" data-id=\"ae74153\" data-element_type=\"widget\" data-settings=\"{&quot;_animation&quot;:&quot;fadeIn&quot;}\" data-widget_type=\"divider.default\">\n\t\t\t\t<div class=\"elementor-widget-container\">\n\t\t\t\t\t\t\t<div class=\"elementor-divider\">\n\t\t\t<span class=\"elementor-divider-separator\">\n\t\t\t\t\t\t<\/span>\n\t\t<\/div>\n\t\t\t\t\t\t<\/div>\n\t\t\t\t<\/div>\n\t\t\t\t<div class=\"elementor-element elementor-element-b326ae7 elementor-invisible elementor-widget elementor-widget-icon-box\" data-id=\"b326ae7\" data-element_type=\"widget\" data-settings=\"{&quot;_animation&quot;:&quot;fadeInUp&quot;}\" data-widget_type=\"icon-box.default\">\n\t\t\t\t<div class=\"elementor-widget-container\">\n\t\t\t\t\t\t\t<div class=\"elementor-icon-box-wrapper\">\n\n\t\t\t\n\t\t\t\t\t\t<div class=\"elementor-icon-box-content\">\n\n\t\t\t\t\t\t\t\t\t<h4 class=\"elementor-icon-box-title\">\n\t\t\t\t\t\t<span  >\n\t\t\t\t\t\t\tInova\u00e7\u00e3o\t\t\t\t\t\t<\/span>\n\t\t\t\t\t<\/h4>\n\t\t\t\t\n\t\t\t\t\t\t\t\t\t<p class=\"elementor-icon-box-description\">\n\t\t\t\t\t\tComprometimento com a adop\u00e7\u00e3o de tecnologias avan\u00e7adas e m\u00e9todos construtivos inovadores.\t\t\t\t\t<\/p>\n\t\t\t\t\n\t\t\t<\/div>\n\t\t\t\n\t\t<\/div>\n\t\t\t\t\t\t<\/div>\n\t\t\t\t<\/div>\n\t\t\t\t<\/div>\n\t\t\t\t<\/div>\n\t\t\t\t<\/div>\n\t\t<div class=\"elementor-element elementor-element-8bd17c1 e-con-full e-flex e-con e-parent\" data-id=\"8bd17c1\" data-element_type=\"container\" data-settings=\"{&quot;background_background&quot;:&quot;classic&quot;}\">\n\t\t<div class=\"elementor-element elementor-element-aa471e6 e-con-full e-flex e-con e-child\" data-id=\"aa471e6\" data-element_type=\"container\">\n\t\t\t\t<div class=\"elementor-element elementor-element-f75528a elementor-widget elementor-widget-heading\" data-id=\"f75528a\" data-element_type=\"widget\" data-widget_type=\"heading.default\">\n\t\t\t\t<div class=\"elementor-widget-container\">\n\t\t\t\t\t<h2 class=\"elementor-heading-title elementor-size-default\">Mensagem do Fundador<\/h2>\t\t\t\t<\/div>\n\t\t\t\t<\/div>\n\t\t\t\t<div class=\"elementor-element elementor-element-fc534b1 elementor-widget elementor-widget-text-editor\" data-id=\"fc534b1\" data-element_type=\"widget\" data-widget_type=\"text-editor.default\">\n\t\t\t\t<div class=\"elementor-widget-container\">\n\t\t\t\t\t\t\t\t\t<p style=\"font-weight: 400;\">Caros amigos e parceiros,<\/p><p style=\"font-weight: 400;\">Desde a funda\u00e7\u00e3o da Azul Astuto, o nosso compromisso tem sido liderar com inova\u00e7\u00e3o no sector da constru\u00e7\u00e3o civil. A cada projeto que desenvolvemos, empenhamo-nos em superar as expectativas, garantindo que cada obra reflete os mais altos padr\u00f5es de qualidade e efici\u00eancia.<\/p><p style=\"font-weight: 400;\">Este percurso de constante evolu\u00e7\u00e3o e aprimoramento n\u00e3o seria poss\u00edvel sem o apoio inestim\u00e1vel dos nossos colaboradores, clientes e parceiros. A vossa confian\u00e7a inspira-nos a procurar sempre o melhor, refor\u00e7ando o nosso compromisso com a excel\u00eancia em cada tijolo que colocamos.<\/p><p style=\"font-weight: 400;\">Agrade\u00e7o profundamente a todos que caminham connosco nesta jornada. Juntos, estamos a construir mais do que simples estruturas; estamos a erguer marcos que definir\u00e3o o futuro da constru\u00e7\u00e3o civil.<\/p><p style=\"font-weight: 400;\">Com apre\u00e7o,<\/p><p style=\"font-weight: 400;\">Cl\u00f3vis Ara\u00fajo Rogge<\/p>\t\t\t\t\t\t\t\t<\/div>\n\t\t\t\t<\/div>\n\t\t\t\t<\/div>\n\t\t\t\t<\/div>\n\t\t\t\t<\/div>\n\t\t","protected":false},"excerpt":{"rendered":"<p>Sobre n\u00f3s A nossa hist\u00f3ria Desde a sua funda\u00e7\u00e3o em 2016, a Azul Astuto tem-se destacado no sector da constru\u00e7\u00e3o civil pela sua dedica\u00e7\u00e3o \u00e0 inova\u00e7\u00e3o e \u00e0 sustentabilidade. Com um portf\u00f3lio diversificado que inclui desde edif\u00edcios residenciais e comerciais at\u00e9 infraestruturas complexas e instala\u00e7\u00f5es industriais, a empresa tem-se comprometido a incorporar as mais recentes [&hellip;]<\/p>\n","protected":false},"author":1,"featured_media":0,"parent":0,"menu_order":0,"comment_status":"closed","ping_status":"closed","template":"","meta":{"footnotes":""},"class_list":["post-77","page","type-page","status-publish","hentry"],"_links":{"self":[{"href":"https:\/\/www.azulastuto.com\/index.php?rest_route=\/wp\/v2\/pages\/77","targetHints":{"allow":["GET"]}}],"collection":[{"href":"https:\/\/www.azulastuto.com\/index.php?rest_route=\/wp\/v2\/pages"}],"about":[{"href":"https:\/\/www.azulastuto.com\/index.php?rest_route=\/wp\/v2\/types\/page"}],"author":[{"embeddable":true,"href":"https:\/\/www.azulastuto.com\/index.php?rest_route=\/wp\/v2\/users\/1"}],"replies":[{"embeddable":true,"href":"https:\/\/www.azulastuto.com\/index.php?rest_route=%2Fwp%2Fv2%2Fcomments&post=77"}],"version-history":[{"count":25,"href":"https:\/\/www.azulastuto.com\/index.php?rest_route=\/wp\/v2\/pages\/77\/revisions"}],"predecessor-version":[{"id":217,"href":"https:\/\/www.azulastuto.com\/index.php?rest_route=\/wp\/v2\/pages\/77\/revisions\/217"}],"wp:attachment":[{"href":"https:\/\/www.azulastuto.com\/index.php?rest_route=%2Fwp%2Fv2%2Fmedia&parent=77"}],"curies":[{"name":"wp","href":"https:\/\/api.w.org\/{rel}","templated":true}]}}