{"id":12,"date":"2024-05-02T11:18:57","date_gmt":"2024-05-02T11:18:57","guid":{"rendered":"https:\/\/www.azulastuto.com\/?page_id=12"},"modified":"2024-05-02T13:16:55","modified_gmt":"2024-05-02T13:16:55","slug":"main","status":"publish","type":"page","link":"https:\/\/www.azulastuto.com\/","title":{"rendered":"Main"},"content":{"rendered":"\t\t<div data-elementor-type=\"wp-page\" data-elementor-id=\"12\" class=\"elementor elementor-12\" data-elementor-post-type=\"page\">\n\t\t\t\t<div class=\"elementor-element elementor-element-2197e95a e-con-full e-flex e-con e-parent\" data-id=\"2197e95a\" data-element_type=\"container\" data-settings=\"{&quot;background_background&quot;:&quot;classic&quot;}\">\n\t\t<div class=\"elementor-element elementor-element-48d71703 e-con-full e-flex e-con e-child\" data-id=\"48d71703\" data-element_type=\"container\">\n\t\t\t\t<div class=\"elementor-element elementor-element-6b877aa2 elementor-cta--skin-classic elementor-animated-content elementor-bg-transform elementor-bg-transform-zoom-in elementor-widget elementor-widget-call-to-action\" data-id=\"6b877aa2\" data-element_type=\"widget\" data-settings=\"{&quot;_animation&quot;:&quot;none&quot;}\" data-widget_type=\"call-to-action.default\">\n\t\t\t\t<div class=\"elementor-widget-container\">\n\t\t\t\t\t\t\t<div class=\"elementor-cta\">\n\t\t\t\t\t\t\t<div class=\"elementor-cta__content\">\n\t\t\t\t\n\t\t\t\t\t\t\t\t\t<h1 class=\"elementor-cta__title elementor-cta__content-item elementor-content-item\">\n\t\t\t\t\t\tTransformamos ideias inovadoras em realidade construtiva\t\t\t\t\t<\/h1>\n\t\t\t\t\n\t\t\t\t\t\t\t\t\t<div class=\"elementor-cta__description elementor-cta__content-item elementor-content-item\">\n\t\t\t\t\t\t\n\t\t\t\t\t<\/div>\n\t\t\t\t\n\t\t\t\t\t\t\t\t\t<div class=\"elementor-cta__button-wrapper elementor-cta__content-item elementor-content-item \">\n\t\t\t\t\t<a class=\"elementor-cta__button elementor-button elementor-size-md\" href=\"#mais1\">\n\t\t\t\t\t\tSaber mais\t\t\t\t\t<\/a>\n\t\t\t\t\t<\/div>\n\t\t\t\t\t\t\t<\/div>\n\t\t\t\t\t\t<\/div>\n\t\t\t\t\t\t<\/div>\n\t\t\t\t<\/div>\n\t\t\t\t<\/div>\n\t\t\t\t<\/div>\n\t\t<div class=\"elementor-element elementor-element-4451616 e-con-full e-flex e-con e-parent\" data-id=\"4451616\" data-element_type=\"container\" id=\"mais1\" data-settings=\"{&quot;background_background&quot;:&quot;classic&quot;}\">\n\t\t<div class=\"elementor-element elementor-element-1279824a e-con-full e-flex e-con e-child\" data-id=\"1279824a\" data-element_type=\"container\">\n\t\t\t\t<div class=\"elementor-element elementor-element-5d0c4341 elementor-widget elementor-widget-heading\" data-id=\"5d0c4341\" data-element_type=\"widget\" data-widget_type=\"heading.default\">\n\t\t\t\t<div class=\"elementor-widget-container\">\n\t\t\t\t\t<h2 class=\"elementor-heading-title elementor-size-default\">O que fazemos<\/h2>\t\t\t\t<\/div>\n\t\t\t\t<\/div>\n\t\t\t\t<div class=\"elementor-element elementor-element-1c66e60 elementor-widget elementor-widget-text-editor\" data-id=\"1c66e60\" data-element_type=\"widget\" data-widget_type=\"text-editor.default\">\n\t\t\t\t<div class=\"elementor-widget-container\">\n\t\t\t\t\t\t\t\t\t<p style=\"font-weight: 400;\">A Azul Astuto \u00e9 uma empresa de destaque no sector da constru\u00e7\u00e3o civil, conhecida pela sua abordagem inovadora e sustent\u00e1vel. Especializada na constru\u00e7\u00e3o de edif\u00edcios, infraestruturas complexas e instala\u00e7\u00f5es industriais, a empresa integra as mais recentes tecnologias e pr\u00e1ticas sustent\u00e1veis em todos os seus projectos. O compromisso com a efici\u00eancia energ\u00e9tica e a utiliza\u00e7\u00e3o de materiais recicl\u00e1veis e renov\u00e1veis est\u00e1 no cerne da sua filosofia corporativa. Com uma equipa de profissionais altamente qualificados, a Azul Astuto n\u00e3o s\u00f3 cumpre com as normas regulat\u00f3rias vigentes mas procura exceder as expectativas dos clientes atrav\u00e9s de constru\u00e7\u00f5es que definem novos padr\u00f5es de qualidade e inova\u00e7\u00e3o. A empresa continua a investir no desenvolvimento dos seus colaboradores, assegurando que permanece na vanguarda do sector e promove um futuro mais sustent\u00e1vel.<\/p>\t\t\t\t\t\t\t\t<\/div>\n\t\t\t\t<\/div>\n\t\t\t\t<\/div>\n\t\t\t\t<\/div>\n\t\t<div class=\"elementor-element elementor-element-8404ed6 e-con-full e-flex e-con e-parent\" data-id=\"8404ed6\" data-element_type=\"container\" data-settings=\"{&quot;background_background&quot;:&quot;classic&quot;,&quot;background_motion_fx_motion_fx_scrolling&quot;:&quot;yes&quot;,&quot;background_motion_fx_translateY_effect&quot;:&quot;yes&quot;,&quot;background_motion_fx_translateY_speed&quot;:{&quot;unit&quot;:&quot;px&quot;,&quot;size&quot;:4,&quot;sizes&quot;:[]},&quot;background_motion_fx_translateY_affectedRange&quot;:{&quot;unit&quot;:&quot;%&quot;,&quot;size&quot;:&quot;&quot;,&quot;sizes&quot;:{&quot;start&quot;:0,&quot;end&quot;:100}},&quot;background_motion_fx_devices&quot;:[&quot;desktop&quot;,&quot;tablet&quot;,&quot;mobile&quot;]}\">\n\t\t<div class=\"elementor-element elementor-element-8f1af9f e-con-full e-flex e-con e-child\" data-id=\"8f1af9f\" data-element_type=\"container\">\n\t\t\t\t<div class=\"elementor-element elementor-element-9642795 elementor-widget elementor-widget-heading\" data-id=\"9642795\" data-element_type=\"widget\" data-widget_type=\"heading.default\">\n\t\t\t\t<div class=\"elementor-widget-container\">\n\t\t\t\t\t<h2 class=\"elementor-heading-title elementor-size-default\">A nossa miss\u00e3o<\/h2>\t\t\t\t<\/div>\n\t\t\t\t<\/div>\n\t\t\t\t<div class=\"elementor-element elementor-element-39da17b elementor-widget elementor-widget-text-editor\" data-id=\"39da17b\" data-element_type=\"widget\" data-widget_type=\"text-editor.default\">\n\t\t\t\t<div class=\"elementor-widget-container\">\n\t\t\t\t\t\t\t\t\t<p style=\"font-weight: 400;\">A miss\u00e3o da Azul Astuto \u00e9 liderar a transforma\u00e7\u00e3o no setor da constru\u00e7\u00e3o civil, adotando inova\u00e7\u00f5es tecnol\u00f3gicas e pr\u00e1ticas sustent\u00e1veis que elevam a qualidade e efici\u00eancia dos projetos. Comprometemo-nos a exceder as expectativas dos nossos clientes e a superar as normas regulat\u00f3rias, investindo continuamente na capacita\u00e7\u00e3o dos nossos colaboradores e na implementa\u00e7\u00e3o de solu\u00e7\u00f5es que favore\u00e7am um desenvolvimento sustent\u00e1vel e respons\u00e1vel.<\/p>\t\t\t\t\t\t\t\t<\/div>\n\t\t\t\t<\/div>\n\t\t\t\t<\/div>\n\t\t\t\t<\/div>\n\t\t<div class=\"elementor-element elementor-element-1fb1dd4 e-con-full e-flex e-con e-parent\" data-id=\"1fb1dd4\" data-element_type=\"container\" data-settings=\"{&quot;background_background&quot;:&quot;gradient&quot;}\">\n\t\t<div class=\"elementor-element elementor-element-8167528 e-con-full e-flex e-con e-child\" data-id=\"8167528\" data-element_type=\"container\">\n\t\t\t\t<div class=\"elementor-element elementor-element-5d9791e elementor-widget elementor-widget-heading\" data-id=\"5d9791e\" data-element_type=\"widget\" data-widget_type=\"heading.default\">\n\t\t\t\t<div class=\"elementor-widget-container\">\n\t\t\t\t\t<h2 class=\"elementor-heading-title elementor-size-default\">A nossa vis\u00e3o<\/h2>\t\t\t\t<\/div>\n\t\t\t\t<\/div>\n\t\t\t\t<div class=\"elementor-element elementor-element-11eaa0c elementor-widget elementor-widget-text-editor\" data-id=\"11eaa0c\" data-element_type=\"widget\" data-widget_type=\"text-editor.default\">\n\t\t\t\t<div class=\"elementor-widget-container\">\n\t\t\t\t\t\t\t\t\t<p style=\"font-weight: 400;\">A vis\u00e3o da Azul Astuto \u00e9 definir o futuro da constru\u00e7\u00e3o civil atrav\u00e9s da promo\u00e7\u00e3o de inova\u00e7\u00e3o e sustentabilidade em todos os projectos. Aspiramos a liderar o sector com pr\u00e1ticas que respeitem o ambiente e elevem os padr\u00f5es de efici\u00eancia e qualidade.<\/p>\t\t\t\t\t\t\t\t<\/div>\n\t\t\t\t<\/div>\n\t\t\t\t<\/div>\n\t\t\t\t<\/div>\n\t\t\t\t<\/div>\n\t\t","protected":false},"excerpt":{"rendered":"<p>Transformamos ideias inovadoras em realidade construtiva Saber mais O que fazemos A Azul Astuto \u00e9 uma empresa de destaque no sector da constru\u00e7\u00e3o civil, conhecida pela sua abordagem inovadora e sustent\u00e1vel. Especializada na constru\u00e7\u00e3o de edif\u00edcios, infraestruturas complexas e instala\u00e7\u00f5es industriais, a empresa integra as mais recentes tecnologias e pr\u00e1ticas sustent\u00e1veis em todos os seus [&hellip;]<\/p>\n","protected":false},"author":1,"featured_media":0,"parent":0,"menu_order":0,"comment_status":"closed","ping_status":"closed","template":"","meta":{"footnotes":""},"class_list":["post-12","page","type-page","status-publish","hentry"],"_links":{"self":[{"href":"https:\/\/www.azulastuto.com\/index.php?rest_route=\/wp\/v2\/pages\/12","targetHints":{"allow":["GET"]}}],"collection":[{"href":"https:\/\/www.azulastuto.com\/index.php?rest_route=\/wp\/v2\/pages"}],"about":[{"href":"https:\/\/www.azulastuto.com\/index.php?rest_route=\/wp\/v2\/types\/page"}],"author":[{"embeddable":true,"href":"https:\/\/www.azulastuto.com\/index.php?rest_route=\/wp\/v2\/users\/1"}],"replies":[{"embeddable":true,"href":"https:\/\/www.azulastuto.com\/index.php?rest_route=%2Fwp%2Fv2%2Fcomments&post=12"}],"version-history":[{"count":64,"href":"https:\/\/www.azulastuto.com\/index.php?rest_route=\/wp\/v2\/pages\/12\/revisions"}],"predecessor-version":[{"id":208,"href":"https:\/\/www.azulastuto.com\/index.php?rest_route=\/wp\/v2\/pages\/12\/revisions\/208"}],"wp:attachment":[{"href":"https:\/\/www.azulastuto.com\/index.php?rest_route=%2Fwp%2Fv2%2Fmedia&parent=12"}],"curies":[{"name":"wp","href":"https:\/\/api.w.org\/{rel}","templated":true}]}}